 (13 - 1))
-1
-2 - (0 + -8 + 8)
-2
What is the value of -1 + 11 + (-100 - -89)?
-1
Calculate (-15 - -1 - -6) + 6.
-2
What is (0 - 4) + 1 + 3 - -1?
1
Evaluate -4 + 2 + (8 - 7 - 2).
-3
Calculate -9 - -15 - (1 - (-1 - -1)).
5
Calculate -3 + 14 - 12 - (2 - 8).
5
Evaluate (11 - (4 + -8)) + -9.
6
What is the value of -1 + (-8 - -2) + 7?
0
What is the value of -1 - (-5 + 4) - -4?
4
0 + -6 + (21 - 21)
-6
Calculate 6 + 0 + (-20 - -20).
6
What is -4 - -1 - (-17 - -12)?
2
What is the value of 0 - (2 + (0 + -3 - 1))?
2
What is -2 + (10 - -3 - 5)?
6
Calculate (-64 - -59) + (0 - -8).
3
Calculate -9 + -2 - ((11 - 4) + -12).
-6
1 + -1 - (4 + (-8 - -1))
3
Evaluate (-3 + 7 - (21 + -15)) + 2.
0
Evaluate 4 - (-4 + 2 + 0 + 7).
-1
Calculate -4 + 1 + 4 - 4 - 0.
-3
Evaluate (0 - 1) + 1 + -4 - 0.
-4
6 - 11 - -8 - -2
5
What is the value of 13 - (5 + (-8 + 6 - -2))?
8
Evaluate 4 + (0 + -5 - -6) - 9.
-4
Evaluate (5 - 14) + 2 - (-6 - -1).
-2
(6 - 4) + (1 - 11)
-8
(5 - 5 - 6) + 10
4
(0 - (0 + 0)) + (-44 - -39)
-5
Evaluate 2 + 0 + -1 - -5 - 2.
4
Calculate (-14 - -17) + (0 - (-1 - -2)).
2
What is -1 - -6 - ((-8 - -15) + 5)?
-7
What is 10 - (-2 + (-2 - -7) - -2)?
5
Evaluate -158 + 148 - (-5 + 1).
-6
Evaluate (-6 - -2 - (0 + 0)) + 0.
-4
Calculate -3 - (-4 - 3 - (2 + -2)).
4
What is the value of (-4 - 0) + 7 + (-8 - -5)?
0
Calculate 1 + -11 + 8 + -1 + -4.
-7
Evaluate -2 - (6 - (-6 - -10)).
-4
-6 + (5 - (1 - -1)) + 0
-3
Evaluate -4 + (4 - 1) - -2.
1
Calculate 52 - 40 - (1 + 5).
6
What is -6 - ((-6 - (-4 + -1)) + -3)?
-2
What is (-61 - -71) + (1 - 6)?
5
Evaluate (2 - 4 - -4) + -5 + 3.
0
Evaluate -5 + 0 + -44 + 46.
-3
-22 + 23 + (-7 - -2)
-4
What is the value of 0 + (1 - 3) - 0?
-2
What is the value of -5 - (14 + -12 + -1)?
-6
Calculate -2 + (3 - (2 - (5 - 8))).
-4
Evaluate 10 + (-11 - -7) - (6 + -1).
1
(11 - 0) + (4 - 17)
-2
Calculate 5 + -2 + (0 - -9 - 9).
3
2 - (1 + (-3 - 0))
4
Calculate (-5 - 2) + (5 - -4) + 7.
9
What is 2 + -3 + (3 - 4)?
-2
Calculate 1 + -3 - 0 - -7.
5
Calculate -6 + (3 - -6) - 5.
-2
Calculate -1 - (-5 - (6 + -6)).
4
Evaluate 1 - 7 - (8 - (17 - 2)).
1
(-9 - (-5 + 0 - -2)) + 1
-5
6 + (-4 - (-2 + 1))
3
66 + -72 + 4 + 1
-1
(-1 - -3) + -6 - (0 - 8)
4
Calculate 8 - 1 - ((14 - 13) + 5).
1
Evaluate 1 + 1 + -8 - -2.
-4
Calculate -4 - ((0 - 0) + 1).
-5
Calculate -10 + 8 + 9 + -2.
5
Calculate 0 + -4 - (8 - 9) - 0.
-3
What is (-1 - -10) + 12 + -23 + 8?
6
Evaluate 4 + (-1 - 2 - 2).
-1
Evaluate -12 + (4 - (-1 - 2)).
-5
What is the value of 4 + -8 + (-1 - (-1 + -1))?
-3
What is 1 + 0 + -3 + -1 + 4?
1
What is 5 - (3 + (-3 - -2))?
3
-3 - -8 - -4 - 4
5
What is the value of 4 + (-1 + -3 - (-18 + 22))?
-4
What is the value of (6 - 3) + 2 + -4?
1
Calculate (-11 - -16 - -5) + -4.
6
Calculate 0 + -4 + 7 + -2.
1
Evaluate (-7 - -9) + -1 + 3.
4
What is the value of 2 - (9 + -12 - -6)?
-1
Calculate (276 - 275) + -1 + 1 + -9.
-8
Calculate -2 - (5 - 2) - -3 - 1.
-3
What is -2 + 5 - 12 - -16?
7
What is 4 + (-1 + -3 - 2)?
-2
Calculate (-8 - -14) + (3 - 10).
-1
2 - (11 + -10 + 4)
-3
Evaluate -15 + 6 + 7 + 10.
8
What is the value of 10 - (-3 - -1 - (-1 + -7))?
4
Evaluate -3 - (-7 - -6 - -3 - 0).
-5
What is the value of 4 + 1 - (2 + -2)?
5
What is the value of (-7 - 1) + 21 + -16?
-3
6 - (-8 - -1 - -11)
2
-35 - -33 - (0 + 0 - 3)
1
Calculate 22 + (-6 - -19 - 26).
9
What is the value of (-2 - 1) + 3 - 1 - -5?
4
What is 5 + -2 - (-1 - -2)?
2
2 + -8 + 3 + 6 + 1
4
What is the value of (6 - 9) + 8 + 1 + -3?
3
5 - 13 - (-7 + 3)
-4
Calculate (29 + -8 - 8) + -8.
5
Evaluate -193 + 199 - (3 - (-1 - 0)).
2
What is the value of 4 + 5 + (-6 - 3)?
0
What is the value of 9 - 11 - (-7 + 1)?
4
2 + (10 - 3) + -5
4
Evaluate (0 - 3 - 4) + 5 + -2.
-4
What is the value of -5 - 0 - (17 + -25)?
3
Calculate 2 - 5 - 0 - -2.
-1
What is the value of (10 - 4) + (-4 - -2) + -2?
2
3 - (7 - (1 - -7))
4
What is 2 + 0 + 0 + 0 + 1?
3
What is (-3 - -1) + -2 - -2?
-2
Evaluate -6 - (14 - 15 - -2).
-7
What is the value of (5 - -1 - 17) + 6 + -1?
-6
Evaluate 1 + 4 + 1 - (50 + -43).
-1
Evaluate -1 + 9 - 4 - 1.
3
2 - 1 - (0 - 5) - 5
1
What is 5 - 1 - ((12 - 4) + -3)?
-1
Evaluate -7 + 3 - (6 + (-7 - -1)).
-4
Evaluate 0 - 2 - (8 - 12).
2
Evaluate (11 - (7 + -5) - 6) + 6.
9
Evaluate -10 + 10 + -2 + 2 + -3.
-3
What is the value of 1 - 0 - (-3 - 0) - 1?
3
-10 + 15 - 9 - (3 + -1)
-6
Evaluate 0 - -5 - (2 + (-9 - -8)).
4
Calculate -3 + -1 + 1 + (-8 - -5).
-6
What is 5 + 6 + -4 + 1?
8
-3 + -2 - -19 - (-9 - -13)
10
Evaluate (6 - -8) + -6 - 12.
-4
Calculate 1 + -1 + 6 + 16 + -19.
3
-5 + (4 - 4) + 9 + -1
3
What is the value of 1 + 4 + (2 - 6)?
1
Evaluate 4 + (-7 + 2 - 2).
-3
1 + 5 - (-43 + 43)
6
What is 4 - (1 - 7) - 5?
5
Evaluate (-3 - -3) + -6 + 1 - -1.
-4
What is -1 + (-6 - -4) - -3?
0
Calculate 5 - (-5 + 10) - -6.
6
-13 + (11 - 2) - -1
-3
0 - 12 - -11 - (-8 + 3)
4
Evaluate 3 - (4 - (3 + (-4 - -2))).
0
Calculate -24 + -8 + 20 - -6.
-6
What is the value of (-4 - (3 + -4)) + (-7 - -8)?
-2
What is the value of 1 + -1 + 0 + 2 - 4?
-2
What is the value of 9 - (4 + -1 - -3)?
3
What is (9 - -1) + (-7 - (8 - 13))?
8
What is the value of 3 + (-2 - -3) - -1?
5
3 + -2 + 3 - 0
4
Calculate -3 - (-9 - (-3 + 1)).
4
Evaluate -1 - (-10 - (-19 - -10)).
0
What is the value of 6 + (0 - 2) + -1?
3
What is the value of -2 - 0 - (-13 - -5) - 1?
5
Calculate -2 + 1 + (-2 - 0) + -1.
-4
Calculate 5 + -1 - (10 + (-6 - -3)).
-3
Evaluate (4 - (2 - 0)) + -1 - 11.
-10
What is the value of -7 - -1 - (-6 + 3)?
-3
11 + 1 + 6 + -14
4
What is -24 + 25 + (1 - (0 + 7))?
-5
Calculate 4 + (1 - 2) + -2.
1
-4 - (2 + -8) - 2
0
5 + (6 - 8) - (2 + 1)
0
What is (1 - 3) + (4 - (-1 + 7))?
-4
Evaluate 2 - 3 - (4 + (-1 - 2)).
-2
Evaluate -1 + 0 + 0 + -3 + 0.
-4
Evaluate 1 - (-9 + 7 + -1).
4
What is 2 + -6 + 1 - 3?
-6
Calculate (2 - (-1 - 0)) + (-5 - -3).
1
Evaluate -3 - (-6 - (2 - 7)).
-2
Calculate 82 + -83 - (2 - 2 - -2).
-3
(1 - 12) + 9 - -9
7
Evaluate (-5 - -3 - 5) + 7.
0
Evaluate 2 + (2 - -3) + -6.
1
What is -5 - (3 - -3 - (9 + 2))?
0
-2 + 13 + -2 + -4 + 0
5
(-4 + 11 - 6 - 6) + -1
-6
1 + -10 + (1 - 0) - 1
-9
Calculate -2 - ((-3 - -6) + -4).
-1
What is the value of 15 + -11 + (-4 + 8 - 6)?
2
Evaluate -2 + -1 - (15 - 16).
-2
19 - 26 - (-1 + -3) - 5
-8
What is 2 + 2 + 2 + (-4 - -2)?
4
Calculate 6 + (11 + (-6 - -1) - 16).
-4
What is -1 + 5 + 1 + -3?
2
What is the value of -4 - (-3 + -6) - 6?
-1
What is 1 - (5 + (-2 - (8 - 5)))?
1
Evaluate (-6 - -3) + (-4 - -15 - 3).
5
What is the value of -7 + 2 + (4 + -2 - -1)?
-2
Calculate -1 + (-7 + 8 - -6) + 1.
7
What is (-3 - 2 - -16) + -6?
5
Calculate -4 - -10 - (-4 - (-3 - 0)).
7
Calculate 0 + 0 + -5 + 4.
-1
What is the value of 2 + 5 - (-43 - -54)?
-4
Evaluate (12 - 8) + 0 + 0 + -2.
2
Evaluate -15 + 14 + (0 - -2).
1
What is -2 + (-2 - -3) + 3?
2
-5 - (8 - 6) - (-5 + 3)
-5
Calculate (-9 + 10 - 8) + (6 - -5).
4
116 + -110 - (2 - -2)
2
Evaluate -2 + -4 + -2 + 5.
-3
Evaluate (-2 - 2) + (17 - 16).
-3
Calculate 3 - (-8 - (8 + -14)) - -5.
10
-4 - (4 + (-12 - -6))
-2
Evaluate 2 + (0 - 2) - (1 + -4).
3
Evaluate -2 - (-4 - (7 + -2 + -6)).
1
What is the value of -1 - (1 - (-5 + 6) - 5)?
4
Calculate 30 + -24 - (-1 + 1 - -1).
5
Evaluate -8 + 2 - (-5 + (-11 - -10)).
0
Evaluate (-1 - -1) + -2 - (8 - 14).
4
Calculate 4 - (-4 + (17 - 7)).
-2
-1 + -3 + 2 - 1
-3
What is (6 - -1) + -7 + 7?
7
Calculate -2 + 3 + (9 - 13).
-3
What is 1 - -4 - (-4 + 5) - 9?
-5
What is 1 + -2 + -1 + 5 + -7?
-4
What is 1 + 7 + -6 + 3?
5
1 + -9 + 2 + 2 - -3
-1
What is -10 + 2 + 1 + 2?
-5
What is the value of -6 + (0 - -2) + (-74 - -80)?
2
Calculate (9 - (-8 - -19)) + (9 - 0).
7
6 - (1 - 2) - 4
3
What is the value of 9 + -3 + -6 + 2 - 12?
-10
What is the value of -6 + 1 + 32 + -22?
5
What is 5 + (-1 - -3) + -4?
3
-3 + (1 - 4) + 0 - 1
-7
What is -6 + (-2 + 5 - 0) + -3?
-6
What is the value of 4 - (10 - (0 + 1 + 6))?
1
Calculate 8 + -15 + -7 + 13 + 0.
-1
-6 - (-8 + (6 - 4))
0
2 + -3 + 1 - (-1 - -5)
-4
0 + -3 + 5 + 3
5
3 - (2 - (-3 + -4))
-6
What is -2 + 4 + (1 - 4 - -1)?
0
Evaluate -1 + -5 - (-51 + 42).
3
Calculate (-3 - (-7 - -1)) + (0 - 3).
0
What is the value of 4 + 0 + (-3 - (-4 + 4))?
1
What is the value of -3 + -4 + 4 + 3 + -3?
-3
Calculate -57 + 68 + -4 + 1.
8
What is the value of -1 + (-1 - 3) + 5?
0
-2 - (-4 + (2 - -3) + 1)
-4
What is the value of (9 - (5 - 0)) + (0 - -1)?
5
What is 